te the remainder when 2049 is divided by 82.
81
Calculate the remainder when 18405 is divided by 118.
115
Calculate the remainder when 9590 is divided by 109.
107
Calculate the remainder when 7435 is divided by 1485.
10
Calculate the remainder when 18815 is divided by 8.
7
Calculate the remainder when 114 is divided by 9.
6
What is the remainder when 24 is divided by 14?
10
Calculate the remainder when 434 is divided by 384.
50
Calculate the remainder when 2945 is divided by 36.
29
Calculate the remainder when 2849 is divided by 190.
189
Calculate the remainder when 113 is divided by 47.
19
Calculate the remainder when 469 is divided by 40.
29
Calculate the remainder when 857 is divided by 16.
9
What is the remainder when 496 is divided by 71?
70
Calculate the remainder when 147 is divided by 3.
0
What is the remainder when 207 is divided by 8?
7
Calculate the remainder when 292 is divided by 27.
22
What is the remainder when 54 is divided by 53?
1
What is the remainder when 404 is divided by 15?
14
What is the remainder when 47 is divided by 6?
5
Calculate the remainder when 1259 is divided by 84.
83
What is the remainder when 76 is divided by 63?
13
Calculate the remainder when 3804 is divided by 11.
9
Calculate the remainder when 95 is divided by 76.
19
Calculate the remainder when 334 is divided by 38.
30
What is the remainder when 5866 is divided by 163?
161
What is the remainder when 164 is divided by 42?
38
What is the remainder when 242 is divided by 49?
46
What is the remainder when 667 is divided by 85?
72
Calculate the remainder when 136 is divided by 20.
16
Calculate the remainder when 408 is divided by 23.
17
What is the remainder when 551 is divided by 79?
77
What is the remainder when 1291 is divided by 72?
67
What is the remainder when 67 is divided by 35?
32
Calculate the remainder when 3443 is divided by 79.
46
What is the remainder when 172 is divided by 10?
2
Calculate the remainder when 17 is divided by 17.
0
What is the remainder when 126 is divided by 48?
30
Calculate the remainder when 431 is divided by 148.
135
Calculate the remainder when 54 is divided by 25.
4
What is the remainder when 304 is divided by 79?
67
What is the remainder when 222 is divided by 28?
26
What is the remainder when 61 is divided by 12?
1
Calculate the remainder when 9249 is divided by 50.
49
What is the remainder when 1165 is divided by 1156?
9
Calculate the remainder when 6289 is divided by 74.
73
What is the remainder when 248 is divided by 70?
38
Calculate the remainder when 154 is divided by 31.
30
Calculate the remainder when 2895 is divided by 223.
219
What is the remainder when 722 is divided by 66?
62
Calculate the remainder when 231 is divided by 60.
51
What is the remainder when 171 is divided by 82?
7
What is the remainder when 1847 is divided by 11?
10
Calculate the remainder when 14098 is divided by 48.
34
What is the remainder when 4523 is divided by 2259?
5
Calculate the remainder when 105 is divided by 99.
6
What is the remainder when 486 is divided by 64?
38
Calculate the remainder when 149 is divided by 47.
8
What is the remainder when 327 is divided by 129?
69
What is the remainder when 2298 is divided by 210?
198
What is the remainder when 802 is divided by 155?
27
What is the remainder when 721 is divided by 232?
25
Calculate the remainder when 82 is divided by 28.
26
What is the remainder when 728 is divided by 31?
15
What is the remainder when 115 is divided by 39?
37
Calculate the remainder when 646 is divided by 125.
21
Calculate the remainder when 249 is divided by 47.
14
Calculate the remainder when 1823 is divided by 73.
71
What is the remainder when 479 is divided by 65?
24
Calculate the remainder when 4559 is divided by 80.
79
Calculate the remainder when 2303 is divided by 230.
3
What is the remainder when 11901 is divided by 124?
121
Calculate the remainder when 300 is divided by 54.
30
What is the remainder when 923 is divided by 84?
83
Calculate the remainder when 171 is divided by 31.
16
What is the remainder when 11573 is divided by 17?
13
What is the remainder when 447 is divided by 80?
47
What is the remainder when 655 is divided by 7?
4
Calculate the remainder when 177 is divided by 17.
7
What is the remainder when 315 is divided by 38?
11
What is the remainder when 348 is divided by 13?
10
Calculate the remainder when 11035 is divided by 13.
11
Calculate the remainder when 567 is divided by 199.
169
What is the remainder when 105 is divided by 36?
33
Calculate the remainder when 25 is divided by 23.
2
Calculate the remainder when 240 is divided by 36.
24
What is the remainder when 1453 is divided by 12?
1
Calculate the remainder when 13611 is divided by 6804.
3
What is the remainder when 215 is divided by 31?
29
What is the remainder when 53 is divided by 34?
19
What is the remainder when 20 is divided by 17?
3
Calculate the remainder when 4946 is divided by 51.
50
What is the remainder when 65 is divided by 22?
21
Calculate the remainder when 14528 is divided by 3.
2
Calculate the remainder when 121 is divided by 15.
1
Calculate the remainder when 6622 is divided by 36.
34
What is the remainder when 1274 is divided by 25?
24
What is the remainder when 8 is divided by 2?
0
Calculate the remainder when 623 is divided by 140.
63
Calculate the remainder when 239 is divided by 42.
29
What is the remainder when 15 is divided by 7?
1
What is the remainder when 331 is divided by 4?
3
What is the remainder when 74 is divided by 16?
10
What is the remainder when 27 is divided by 12?
3
Calculate the remainder when 5377 is divided by 93.
76
What is the remainder when 930 is divided by 19?
18
What is the remainder when 674 is divided by 149?
78
Calculate the remainder when 3456 is divided by 13.
11
What is the remainder when 12461 is divided by 67?
66
Calculate the remainder when 760 is divided by 59.
52
Calculate the remainder when 108 is divided by 15.
3
Calculate the remainder when 12491 is divided by 31.
29
What is the remainder when 609 is divided by 302?
5
What is the remainder when 528 is divided by 162?
42
What is the remainder when 495 is divided by 461?
34
What is the remainder when 973 is divided by 39?
37
What is the remainder when 246 is divided by 38?
18
What is the remainder when 11986 is divided by 81?
79
Calculate the remainder when 234 is divided by 77.
3
What is the remainder when 26387 is divided by 182?
179
What is the remainder when 90 is divided by 32?
26
Calculate the remainder when 95 is divided by 4.
3
Calculate the remainder when 315 is divided by 16.
11
Calculate the remainder when 159 is divided by 84.
75
What is the remainder when 391 is divided by 14?
13
Calculate the remainder when 49 is divided by 26.
23
Calculate the remainder when 8081 is divided by 188.
185
Calculate the remainder when 237 is divided by 126.
111
What is the remainder when 133 is divided by 40?
13
What is the remainder when 1977 is divided by 76?
1
What is the remainder when 1324 is divided by 25?
24
Calculate the remainder when 403 is divided by 201.
1
What is the remainder when 248 is divided by 36?
32
What is the remainder when 189 is divided by 12?
9
Calculate the remainder when 812 is divided by 74.
72
Calculate the remainder when 4147 is divided by 122.
121
What is the remainder when 1871 is divided by 201?
62
What is the remainder when 123 is divided by 69?
54
What is the remainder when 455 is divided by 79?
60
What is the remainder when 131 is divided by 19?
17
What is the remainder when 952 is divided by 192?
184
What is the remainder when 64 is divided by 25?
14
Calculate the remainder when 171 is divided by 20.
11
Calculate the remainder when 2183 is divided by 243.
239
What is the remainder when 856 is divided by 21?
16
Calculate the remainder when 344 is divided by 258.
86
Calculate the remainder when 902 is divided by 76.
66
Calculate the remainder when 181 is divided by 55.
16
Calculate the remainder when 908 is divided by 28.
12
What is the remainder when 503 is divided by 14?
13
Calculate the remainder when 192 is divided by 66.
60
What is the remainder when 5722 is divided by 18?
16
Calculate the remainder when 67 is divided by 36.
31
Calculate the remainder when 110 is divided by 15.
5
What 